 digit of 205807714?
7
What is the hundreds digit of 40880178?
1
What is the hundreds digit of 5902029791?
7
What is the ten thousands digit of 249388666?
8
What is the millions digit of 1672331?
1
What is the hundred thousands digit of 342516187?
5
What is the hundred millions digit of 2032556961?
0
What is the ten thousands digit of 64222064?
2
What is the hundreds digit of 1476909386?
3
What is the tens digit of 129485879?
7
What is the tens digit of 829577678?
7
What is the ten millions digit of 44702395?
4
What is the units digit of 66471608?
8
What is the hundred thousands digit of 3078081987?
0
What is the tens digit of 10899712?
1
What is the hundreds digit of 2549338660?
6
What is the hundred thousands digit of 692276058?
2
What is the hundreds digit of 803851208?
2
What is the ten thousands digit of 3326146666?
4
What is the ten millions digit of 98372573?
9
What is the hundreds digit of 8006925?
9
What is the ten thousands digit of 203320382?
2
What is the millions digit of 38569734?
8
What is the thousands digit of 87738364?
8
What is the tens digit of 37144735?
3
What is the thousands digit of 1646709257?
9
What is the ten millions digit of 494939356?
9
What is the thousands digit of 67075563?
5
What is the units digit of 825313030?
0
What is the hundred thousands digit of 475359059?
3
What is the tens digit of 16763973?
7
What is the hundred thousands digit of 608234780?
2
What is the ten millions digit of 3813063714?
1
What is the tens digit of 54236255?
5
What is the tens digit of 1661409406?
0
What is the hundred thousands digit of 248227479?
2
What is the hundred millions digit of 6332900571?
3
What is the hundred millions digit of 521025275?
5
What is the ten thousands digit of 21967836?
6
What is the thousands digit of 1507893702?
3
What is the hundred millions digit of 211302150?
2
What is the hundreds digit of 3662227364?
3
What is the ten thousands digit of 19143433?
4
What is the hundreds digit of 1784272415?
4
What is the thousands digit of 825686741?
6
What is the hundred thousands digit of 95104028?
1
What is the hundred thousands digit of 2730994884?
9
What is the units digit of 2205276803?
3
What is the millions digit of 42183989?
2
What is the ten thousands digit of 43646240?
4
What is the ten millions digit of 4685666634?
8
What is the thousands digit of 93126245?
6
What is the tens digit of 3939965091?
9
What is the tens digit of 3525810084?
8
What is the ten thousands digit of 183124433?
2
What is the millions digit of 2056539545?
6
What is the ten millions digit of 1640519778?
4
What is the hundred thousands digit of 1287007?
2
What is the ten thousands digit of 206717982?
1
What is the millions digit of 183501171?
3
What is the hundreds digit of 34133925?
9
What is the ten millions digit of 402780969?
0
What is the tens digit of 83396424?
2
What is the hundreds digit of 42405510?
5
What is the units digit of 1150781887?
7
What is the hundreds digit of 1428912533?
5
What is the hundreds digit of 355679960?
9
What is the billions digit of 3283933834?
3
What is the ten millions digit of 1674027803?
7
What is the ten millions digit of 212469767?
1
What is the hundreds digit of 194688804?
8
What is the ten thousands digit of 22324937?
2
What is the ten thousands digit of 7339354?
3
What is the billions digit of 1141753587?
1
What is the thousands digit of 1131133727?
3
What is the tens digit of 252635871?
7
What is the thousands digit of 110314717?
4
What is the millions digit of 207562484?
7
What is the millions digit of 72923044?
2
What is the tens digit of 735850729?
2
What is the tens digit of 1566140183?
8
What is the ten millions digit of 2492404146?
9
What is the ten millions digit of 30214568?
3
What is the billions digit of 2149703751?
2
What is the ten thousands digit of 386732158?
3
What is the tens digit of 133395517?
1
What is the hundred thousands digit of 92751239?
7
What is the tens digit of 29865299?
9
What is the millions digit of 1116793439?
6
What is the millions digit of 7158717?
7
What is the hundred thousands digit of 9198748772?
7
What is the thousands digit of 1464067203?
7
What is the ten millions digit of 222859679?
2
What is the ten millions digit of 521590814?
2
What is the tens digit of 30674837?
3
What is the hundred millions digit of 282896257?
2
What is the hundreds digit of 112630694?
6
What is the tens digit of 68338680?
8
What is the tens digit of 160429927?
2
What is the hundred thousands digit of 88360377?
3
What is the ten thousands digit of 10995202?
9
What is the ten millions digit of 1339800073?
3
What is the thousands digit of 62528043?
8
What is the tens digit of 829692676?
7
What is the hundred millions digit of 171490184?
1
What is the thousands digit of 68113107?
3
What is the tens digit of 1583474583?
8
What is the tens digit of 947254128?
2
What is the hundred thousands digit of 1062401243?
4
What is the millions digit of 8611364824?
1
What is the tens digit of 57204625?
2
What is the ten thousands digit of 159391762?
9
What is the ten thousands digit of 42885035?
8
What is the hundred thousands digit of 15872923?
8
What is the ten thousands digit of 675191093?
9
What is the hundreds digit of 57258560?
5
What is the hundred thousands digit of 45367066?
3
What is the hundred thousands digit of 734688126?
6
What is the millions digit of 1966304275?
6
What is the hundred thousands digit of 277707403?
7
What is the thousands digit of 1148066222?
6
What is the ten millions digit of 163438433?
6
What is the hundreds digit of 373027239?
2
What is the ten thousands digit of 54495414?
9
What is the ten millions digit of 260745665?
6
What is the millions digit of 65260929?
5
What is the ten thousands digit of 431805982?
0
What is the thousands digit of 68220232?
0
What is the thousands digit of 44269615?
9
What is the ten thousands digit of 462040282?
4
What is the tens digit of 366313815?
1
What is the thousands digit of 213748989?
8
What is the tens digit of 37062024?
2
What is the hundred thousands digit of 3655157974?
1
What is the hundred millions digit of 279713722?
2
What is the hundred thousands digit of 49958323?
9
What is the units digit of 373517207?
7
What is the ten thousands digit of 288653280?
5
What is the units digit of 28091559?
9
What is the hundred millions digit of 668499465?
6
What is the hundreds digit of 427158554?
5
What is the millions digit of 3098999703?
8
What is the thousands digit of 261261551?
1
What is the thousands digit of 77827362?
7
What is the ten thousands digit of 14677941?
7
What is the ten millions digit of 6289614794?
8
What is the thousands digit of 350819519?
9
What is the ten thousands digit of 1538910554?
1
What is the hundreds digit of 52582979?
9
What is the millions digit of 111746882?
1
What is the millions digit of 223500964?
3
What is the thousands digit of 90422629?
2
What is the units digit of 225977231?
1
What is the tens digit of 663517555?
5
What is the hundreds digit of 137333041?
0
What is the ten thousands digit of 121640619?
4
What is the hundred thousands digit of 901413526?
4
What is the ten thousands digit of 275561514?
6
What is the hundred thousands digit of 35254016?
2
What is the thousands digit of 6607819200?
9
What is the hundred millions digit of 363808004?
3
What is the ten millions digit of 16280654?
1
What is the units digit of 33790722?
2
What is the millions digit of 4372250326?
2
What is the units digit of 57515301?
1
What is the thousands digit of 44721230?
1
What is the tens digit of 597216459?
5
What is the hundreds digit of 186040385?
3
What is the millions digit of 106607928?
6
What is the ten thousands digit of 321525813?
2
What is the ten thousands digit of 2079249582?
4
What is the hundred thousands digit of 1679342299?
3
What is the billions digit of 2835952959?
2
What is the ten thousands digit of 2956849668?
4
What is the tens digit of 165192563?
6
What is the millions digit of 392806804?
2
What is the hundred thousands digit of 605847307?
8
What is the hundred thousands digit of 240228414?
2
What is the millions digit of 179971027?
9
What is the hundred millions digit of 1369632880?
3
What is the millions digit of 51255048?
1
What is the hundred millions digit of 319509530?
3
What i